q = 1704 - 1684. What is the greatest common factor of f and q?
10
Let d = -12 - -4. Let f be (-6)/d + 25/4. Suppose 2*w = 3*w - s - 20, 2*w + 3*s = 45. Calculate the greatest common factor of w and f.
7
Let i be 20/(-25) + (-10456)/(-20). What is the greatest common factor of i and 18?
18
Suppose 5*k + 22 + 8 = 0. Let v be (-4)/k - 104/(-6). Suppose 0 = 5*f + l + 2*l - 15, -2*f + 2 = 2*l. Calculate the greatest common divisor of v and f.
6
Let i(a) = 6*a**2 - 3*a + 2. Let t be i(2). Let r be 1 + (-1)/1*-2. Let z(u) = 3*u**2 + 5*u - 2. Let d be z(r). Calculate the highest common factor of d and t.
20
Suppose -j + 197 = 4*z, -3*j + 591 = -0*j - 2*z. Let l = -8 - -13. Suppose o - l*b = 13 + 32, -5*o - 3*b = -j. Calculate the highest common factor of 8 and o.
8
Let g be (-80)/(-16) + (7 - 2). Calculate the highest common factor of 370 and g.
10
Let c = 69 - 69. Let l = 9 - 5. Suppose 0 = -c*o + l*o + g - 45, 0 = 5*o - 5*g - 25. Calculate the greatest common factor of o and 10.
10
Suppose 0 = 2*s - 3*w - 8, 5*w = -2*s - 3*s + 20. Let t be 8 - (s/(-4) + 2). Let d = -5 + t. What is the highest common factor of 8 and d?
2
Let b = -2922 - -4332. What is the highest common divisor of 30 and b?
30
Let m(l) = -l**3 - 6*l**2 - 3*l - 7. Let p be m(-5). Let s = p - -28. What is the highest common factor of s and 1?
1
Let r(z) = 5*z + 9. Let x be r(7). Suppose 0 = 3*d - 14*d + x. What is the greatest common factor of d and 16?
4
Suppose 0 = -4*m - 3*c + 17, 0 - 5 = c. Let s = m - 7. What is the greatest common divisor of 7 and s?
1
Suppose -13*h + 378 = 5*h. Calculate the greatest common factor of h and 651.
21
Let t be 1 + -2 + 3 + -5 + 3. Suppose -3*h + 4*h - 6 = t. What is the greatest common factor of 66 and h?
6
Let x(c) = -c**3 - 7*c**2 - 2*c - 6. Let f be x(-7). Let g be (1 + f)*(24 - 22). Calculate the highest common divisor of 2 and g.
2
Let r = 181 - 171. Let j = 24 - 14. What is the highest common divisor of r and j?
10
Let y be (-2 - 15/(-9))*(-2 + -85). Let w = -11 + y. What is the highest common divisor of 36 and w?
18
Suppose 0 = -q + 2*j - 3, -4*j + 20 = 2*q - 6. Let k = -64 + 60. Let f be (0 - q)/(1/k). Calculate the greatest common factor of f and 20.
20
Let k(i) = 2*i**2 - 5*i - 9. Let w be k(9). Let p be ((-678)/(-1243))/(1/33). What is the highest common divisor of w and p?
18
Suppose 23 + 274 = 27*a. Let z(f) = 55*f**2 + f - 1. Let w be z(1). What is the highest common divisor of w and a?
11
Suppose 17*v = -31*v + 129888. What is the greatest common factor of 82 and v?
82
Let o be -3*(2 + 1)*125/(-75). Calculate the greatest common divisor of 480 and o.
15
Suppose -3*c + 4*c + 7 = 0. Let r = c + 8. Calculate the greatest common divisor of 13 and r.
1
Let b = 22 - 14. Let y = 1 - b. Let i = 4 - y. What is the highest common factor of i and 55?
11
Let h(t) = -16*t + 526. Let m be h(28). What is the highest common divisor of m and 104?
26
Let h be (-2)/((10/63)/(-5)). Suppose 2*q + 3 = d + 16, -2*q + 8 = -2*d. What is the greatest common factor of q and h?
9
Suppose 2*l - 141 + 137 = 0. Suppose 3*i - 153 = -3*s - 9, -s - 105 = -l*i. Calculate the greatest common divisor of i and 153.
51
Let s(f) = f - 5. Let q be s(10). Let y(w) = 10*w - 2 + 6*w + 7. Let c be y(q). What is the greatest common factor of c and 17?
17
Suppose 0 = -3*c + 24 + 3. Suppose 0 = 3*v - c, -5*g - 6*v = -v - 15. Let i be g + 28*4 - -3. Calculate the highest common factor of i and 23.
23
Suppose 2*y - 62 = -2*f, 3*f + 119 = 3*y + 14. Suppose -3*q + 87 + y = 0. Let k be 15/2*(-176)/(-66). What is the greatest common divisor of k and q?
20
Suppose k - 144 = 5*c, 576 = -k + 5*k + 4*c. Suppose -3*x - 3 - k = 0. Let a = 88 + x. Calculate the highest common factor of 26 and a.
13
Let n = 410 - 406. Suppose 2*q = -q + 42. Let x = n + q. What is the highest common factor of 3 and x?
3
Let y be (-4)/(-6) + 869/33. Let s be (-321)/(-6) - (-2)/4. What is the highest common factor of y and s?
27
Let n be (-78)/(-4) + (15/(-6))/(-5). Let p be (n/6)/(16/192). What is the highest common factor of p and 8?
8
Let u = 91 + -54. Let i(f) = 5*f**2 + 265*f + 1387. Let q be i(-49). Calculate the greatest common factor of q and u.
37
Suppose q = -y + 25, 4*y - 101 = 6*q - 11*q. Calculate the highest common factor of 18 and y.
6
Suppose -3*b - 165 = -5*h + 2*b, 5 = -5*b. Suppose 0 = -l + 2*l - h. Calculate the highest common divisor of 16 and l.
16
Suppose 15 - 54 = -3*v. Let u(o) = -o**3 + 12*o**2 + 13*o + 13. Let s be u(v). What is the highest common divisor of 26 and s?
13
Suppose 5*b + p = 0, -b - 7 = 2*b + 2*p. Let w be (1 + -3)/(b/(-4)). Let z be (-960)/18*(-15)/20. What is the highest common divisor of w and z?
8
Let f be 6 + (-31)/5 - 603/(-15). Let j = 15 - -1. What is the highest common factor of f and j?
8
Suppose -5*s - 4 = -34. Let o(m) = 14*m + 6. Let t be o(s). Let b be ((-94)/(-282))/(-1 + (-62)/(-60)). Calculate the greatest common divisor of t and b.
10
Let v = -839 - -894. Calculate the greatest common factor of 660 and v.
55
Let z(p) = p**2 - p - 2. Let r be z(3). Let h be r/(-16) - 1636/(-16). What is the greatest common factor of 34 and h?
34
Let k be -3 + (0 - 3)/(-1). Suppose -w + o - 5*o = 16, k = 4*w - 4*o - 36. What is the greatest common factor of 8 and w?
4
Suppose -2*o = g - 30, -3*o - g + 45 = 3*g. Let d(y) = y**2 - 14*y - 22. Let p be d(o). Let k be 14/p + 14/2. Calculate the highest common factor of k and 25.
5
Let z(b) = b**3 - 3*b**2 - 7*b + 4. Let j be z(7). Let p = j - 55. What is the greatest common divisor of p and 6?
6
Let h(c) = -c**2 - 23*c - 56. Let r be h(-20). Suppose -p = 3*p - r. Calculate the highest common divisor of p and 2.
1
Let i = 36 - 42. Let r(g) = g**3 + 7*g**2 + 4*g - 5. Let n be r(i). Calculate the greatest common divisor of n and 14.
7
Let i = -17 - -19. Let y(k) = 3*k**2 - 207*k + 217. Let h be y(68). Calculate the highest common divisor of h and i.
1
Let d = -31 - -63. What is the highest common divisor of d and 992?
32
Suppose -7*u + 12*u - z - 560 = 0, -u - 5*z + 86 = 0. Calculate the greatest common factor of 111 and u.
111
Suppose -4*i + 3*l - 16 = 0, -3*i = i + l + 32. Let t be 4/3*243/(-6). Let z be (3 - t/(-14))*i. Calculate the highest common divisor of z and 6.
6
Let k(a) = a**3 + 7*a**2 - 22*a + 29. Let u be k(-9). What is the highest common divisor of 143 and u?
13
Let p(z) = -17*z**2 + 1. Let r be p(2). Let y = r - -193. Suppose 17*l - 14*l = y. Calculate the highest common divisor of l and 6.
6
Suppose -14*j + 146 = -232. What is the highest common factor of j and 6?
3
Let n(x) = 60*x - 84. Let b be n(3). Let p(a) = -3*a**3 - a - 2. Let g be p(-2). Calculate the greatest common factor of g and b.
24
Let v(n) = -n**3 - 21*n**2 + 26*n - 25. Let k be v(-23). Calculate the highest common divisor of k and 29.
29
Let y = -118 + 135. Suppose -5*d + 5*s + 31 = -64, -5*d + 89 = -2*s. Calculate the greatest common factor of d and y.
17
Let r(a) = a**2 + 8*a - 7. Let l be r(-8). Let o = -2 - l. Suppose -2*t - 3*v = -v - 14, -v - 35 = -o*t. Calculate the highest common divisor of 49 and t.
7
Let i(h) = -h**3 + 10*h**2 + h + 12. Let l = 5 + 5. Let y be i(l). Suppose -25*k = -23*k - y. What is the highest common divisor of 22 and k?
11
Let f(p) = p - 4. Let r be f(6). Suppose -r*b - 2*b + 35 = -l, 4*l - 13 = -b. Let d = 18 - b. What is the highest common divisor of d and 18?
9
Let g(l) = 3*l + 128. Let m be g(16). Calculate the highest common divisor of m and 22.
22
Let x(l) = l**3 - 7*l**2 + 7. Let v be x(7). Let c be (-8)/(-1 + v/3 + -2). What is the highest common divisor of 84 and c?
12
Let u be ((-20)/12 - -2) + (-178)/(-6). Suppose -17*s + 20*s = u. Calculate the greatest common factor of s and 30.
10
Let z be (-2)/4 + (-88)/16. Let h = 1 + z. Let k = h - -15. What is the greatest common divisor of 4 and k?
2
Suppose -t - 24 + 9 = -4*b, 3*t + b = -97. Let r = 24 - t. Calculate the highest common factor of 5 and r.
5
Suppose -2*a = -g - 7*a + 488, 0 = 3*a - 12. What is the highest common factor of 108 and g?
36
Suppose b + 2*k - 3 = 0, 5*k = 5*b - b - 38. What is the greatest common factor of b and 8?
1
Let q = 192 - 172. Calculate the highest common factor of 85 and q.
5
Let u = -8 + 49. Suppose -4*f = 5*q - 1471, -2*f = 